z(-168).
-14
Let v(z) = -11*z**2 - 5309*z + 118449. What is v(-504)?
9
Let p(u) = -4*u**2 - 196*u - 2344. Determine p(-26).
48
Let h(l) = -8040*l - 1214047. What is h(-151)?
-7
Let m(l) = -1758*l - 79208. Give m(-46).
1660
Let u(t) = 17760*t + 5381288. Determine u(-303).
8
Let t(z) = -z**3 + 22*z**2 - 55*z - 507. Determine t(15).
243
Let w(i) = 5*i**2 + 173*i - 2577. Determine w(14).
825
Let r(w) = -67717*w - 66517. Calculate r(-1).
1200
Let o(w) = 1330943*w + 7985677. Determine o(-6).
19
Let h(k) = -k**3 - 27*k**2 - 316*k - 10902. Determine h(-29).
-56
Let s(c) = 17*c**2 - 4287*c + 96615. What is s(25)?
65
Let x(f) = -27*f**2 + 299*f - 512. Calculate x(2).
-22
Let t(x) = -120153*x + 841645. Give t(7).
574
Let t(i) = -1202705*i + 13229746. What is t(11)?
-9
Let j(t) = -2*t**3 - 61*t**2 - 349*t + 78. What is j(-23)?
170
Let w(v) = -8*v**2 - 548*v + 2918. Calculate w(-70).
2078
Let f(w) = -9*w**2 + 215*w + 5058. Determine f(38).
232
Let j(s) = -29*s**2 - 3632*s - 21544. Give j(-119).
-5
Let x(f) = 68*f - 10651. Calculate x(156).
-43
Let d(w) = 9468*w - 75590. What is d(8)?
154
Let r(p) = -p**3 - 226*p**2 + 293*p + 116020. What is r(-225)?
-530
Let n(j) = -15619*j + 32241. Give n(2).
1003
Let w(x) = x**2 + 1420*x - 14204. Give w(10).
96
Let q(r) = -r**3 + 59*r**2 + 397*r - 434. Determine q(65).
21
Let s(l) = l**2 - 1646*l + 6616. Give s(4).
48
Let u(s) = -s**3 - 17*s**2 - 2941*s - 59999. Calculate u(-20).
21
Let l(q) = 5*q**2 - 1280*q + 35318. Give l(225).
443
Let g(o) = o**2 - 115*o - 23659. Determine g(222).
95
Let b(h) = 3*h**3 - 43*h**2 - 960*h - 118. What is b(-12)?
26
Let z(l) = -2*l**3 + 70*l**2 - 5*l + 66. Give z(35).
-109
Let k(v) = -2*v**3 + 42*v**2 + 37*v + 81. Calculate k(20).
1621
Let y(h) = 21*h**3 - 14*h**2 + 8*h + 51. Calculate y(-4).
-1549
Let x(r) = -r**3 + 276*r**2 - 2920*r + 1385. Calculate x(265).
60
Let j(p) = 8*p**2 + 473*p + 2781. Give j(-6).
231
Let v(g) = -16562*g - 761855. Determine v(-46).
-3
Let o(u) = -345*u - 3476. Give o(-9).
-371
Let a(z) = -9*z**2 + 192*z + 12931. Give a(50).
31
Let b(i) = 92*i + 1776. Calculate b(-9).
948
Let l(b) = 1563*b - 49151. Give l(32).
865
Let l(j) = 1168*j + 19759. Give l(-20).
-3601
Let g(s) = -9481*s - 246506. What is g(-26)?
0
Let f(r) = -30210*r + 5588845. Calculate f(185).
-5
Let d(t) = -432*t + 85. What is d(0)?
85
Let v(m) = -1650*m + 39570. What is v(24)?
-30
Let l(p) = -256563*p + 2052523. Give l(8).
19
Let l(n) = -n**2 - 334*n + 22393. Calculate l(54).
1441
Let t(r) = 114*r**2 - 285*r + 10. Give t(4).
694
Let v(m) = -2*m**3 + 50*m**2 - 4*m - 465. What is v(3)?
-81
Let v(p) = -3957*p - 63311. What is v(-16)?
1
Let s(t) = -t**2 - 1252*t - 15047. Give s(-12).
-167
Let o(z) = -13608*z - 149685. What is o(-11)?
3
Let t(w) = -426*w - 3674. Give t(-9).
160
Let s(u) = -5*u**2 - 762*u + 960204. Determine s(-521).
1
Let p(o) = -3*o**2 + 285*o + 9554. Give p(-26).
116
Let q(r) = 29258*r + 965523. Determine q(-33).
9
Let t(w) = -17*w**2 - 109*w - 174. What is t(-13)?
-1630
Let s(d) = 71*d**2 + 11928*d + 12. What is s(-168)?
12
Let g(a) = -52214*a + 208905. What is g(4)?
49
Let k(c) = 686*c + 8178. Determine k(-12).
-54
Let t(a) = -1023*a - 6063. Calculate t(-6).
75
Let l(r) = -3*r**3 - 93*r**2 + 462*r + 8717. Calculate l(-33).
5
Let z(a) = a**2 + 13107*a - 91800. Calculate z(7).
-2
Let t(l) = 112388*l - 786902. Calculate t(7).
-186
Let r(d) = d**3 - 22*d**2 - 759*d - 41. Give r(41).
779
Let t(p) = 20140*p - 503470. Determine t(25).
30
Let p(j) = -j**3 + 429*j**2 - 43252*j - 352. Calculate p(162).
-28
Let b(j) = -j**3 - 48*j**2 + 183*j - 740. Determine b(-52).
560
Let a(d) = 220*d**2 + 1536*d - 41. What is a(-7)?
-13
Let l(q) = 6678*q + 6464. Calculate l(-1).
-214
Let d(r) = 10*r**3 + 7*r**2 - 18*r - 13. What is d(5)?
1322
Let b(s) = -6*s**2 - 365*s + 6313. Give b(24).
-5903
Let b(p) = -2903*p + 72593. Determine b(25).
18
Let l(q) = -q**2 - 10*q + 217. Calculate l(-7).
238
Let k(c) = -580*c - 9754. Calculate k(-14).
-1634
Let l(x) = 2*x**3 - 74*x**2 - 166*x + 39. Calculate l(39).
-351
Let q(o) = 2*o**2 - 381*o + 17288. Determine q(116).
4
Let s(u) = u**3 + 5*u**2 + 7*u - 1. What is s(-19)?
-5188
Let n(x) = -27*x**3 + 169*x**2 - 111*x + 400. Determine n(6).
-14
Let h(i) = 556*i**3 - 5535*i**2 - 258*i - 31. Determine h(10).
-111
Let z(s) = 12*s**3 + 70*s**2 - 7*s - 41. Determine z(-6).
-71
Let q(r) = 24*r**2 - 385*r - 3015. Give q(-10).
3235
Let v(j) = 9824*j - 88383. What is v(9)?
33
Let b(p) = 93389*p - 560321. Determine b(6).
13
Let r(w) = -1950*w - 238016. What is r(-122)?
-116
Let w(m) = 1935*m**3 - 13542*m**2 - 112*m + 635. Determine w(7).
-2
Let q(i) = i**2 + 11073*i - 399938. Determine q(36).
-14
Let x(w) = -9*w**2 + 2270*w - 2269. Calculate x(1).
-8
Let t(h) = 827*h - 1362. Calculate t(4).
1946
Let w(d) = 6*d**3 - 1225*d**2 - 8618*d - 6969. Determine w(211).
-6
Let g(p) = 28*p**2 + 617*p - 3107. Determine g(5).
678
Let p(y) = -y**3 + 70*y**2 - 663*y + 858. Calculate p(59).
32
Let q(b) = -34*b**2 - 238*b + 2799. Give q(12).
-4953
Let g(d) = -5*d**2 - 80*d - 638. Give g(-11).
-363
Let d(m) = -m**3 + m**2 + 92*m + 84. Determine d(0).
84
Let r(m) = m**3 + 4428*m**2 - 1046927*m + 442. Give r(225).
-8
Let z(g) = -4629*g - 35. Determine z(0).
-35
Let f(m) = -339*m**2 - 5582*m - 7456. Calculate f(-15).
-1
Let a(b) = b**2 + 60*b - 715. Calculate a(-80).
885
Let a(q) = -11785*q + 718870. Give a(61).
-15
Let m(w) = -5*w**3 - 1089*w**2 - 55683*w - 412. What is m(-82)?
-2
Let m(i) = 1568193*i - 9409158. Give m(6).
0
Let h(a) = 32421*a + 226920. Determine h(-7).
-27
Let l(x) = 2210*x + 2217. Give l(-1).
7
Let z(m) = 6*m**3 - 124*m**2 + 227*m - 691. Determine z(19).
12
Let d(v) = -9648*v - 849008. Calculate d(-88).
16
Let a(y) = -2544052*y - 5088098. What is a(-2)?
6
Let r(j) = 10499*j - 273060. Give r(26).
-86
Let q(x) = -34002*x + 782052. Give q(23).
6
Let q(z) = 20*z**2 + 167*z + 262. What is q(-5)?
-73
Let b(y) = y**3 - 175*y**2 + 2113*y + 236. What is b(162)?
1370
Let w(i) = -13*i**2 + 849*i - 313. Give w(65).
-53
Let n(l) = 438*l - 34499. What is n(78)?
-335
Let n(m) = -123*m + 44. Give n(-3).
413
Let g(p) = 3*p**3 - 85*p**2 + 12*p - 70. Determine g(28).
-518
Let s(z) = -501*z - 154327. Determine s(-308).
-19
Let q(y) = -y**3 + 26*y**2 + 211430*y - 445. Give q(-447).
2
Let w(k) = -1204*k - 292. Determine w(0).
-292
Let p(f) = -8*f**3 + 3424*f**2 + 3421*f + 4819. What is p(429)?
100
Let y(t) = -2*t**3 - 28*t**2 - 1885*t - 26350. Calculate y(-14).
40
Let j(i) = -13*i**2 + 1730*i - 10145. Give j(6).
-233
Let s(l) = 3103*l - 6137. Give s(3).
3172
Let z(s) = 27*s**2 - 2471*s - 2473. What is z(-1)?
25
Let i(z) = z**2 - 210*z - 10600. Calculate i(-42).
-16
Let k(y) = -28*y**3 + y**2 - 112*y + 411. Determine k(3).
-672
Let n(c) = c**3 - 21*c**2 - 773*c + 804. Determine n(-20).
-136
Let t(z) = 9*z**2 - 16998*z + 118845. Calculate t(7).
300
Let m(c) = -2251*c**2 + 29272*c - 113. Give m(13).
4
Let h(n) = 115419*n - 229725. What is h(2)?
1113
Let h(n) = 2*n**2 - 3603*n + 288509. Give h(84).
-31
Let k(y) = -y**3 + 3*y**2 + 25*y - 235. Give k(7).
-256
Let l(t) = 4*t**2 - 751*t + 4970. Calculate l(181).
83
Let h(b) = -26*b - 361. What is h(-21)?
185
Let k(z) = -10*z**3 + 62*z**2 + 448*z + 16. What is k(-5)?
576
Let g(v) = 19815*v + 2001313. What is g(-101)?
-2
Let g(c) = 36*c - 4062. Determine g(67).
-1650
Let z(w) = -22*w**3 + 300*w**2 + 117*w + 43. Give z(14).
113
Let p(x) = 362*x - 22196. Calculate p(61).
-114
Let g(n) = 4034*n - 88750. Give g(22).
-2
Let r(d) = -945498*d + 8509485. Determine r(9).
3
Let s(u) = 2*u**3 + 850*u**2 + 873*u + 370992. Calculate s(-425).
-33
Let l(h) = -260*h + 41600. What is l(160)?
0
Let y(p) = -50880*p + 661464. What is y(13)?
24
Let w(h) = 4*h**2 + 61*h - 1527. Determine w(18).
867
Let h(m) = -783*m + 4293. Calculate h(8).
-1971
Let i(o) = 13*o**2 - 5210*o - 37150. Determine i(-7).
-43
Let w(l) = -109*l**2 + 325*l - 16. Give w(4).
-460
Let o(t) = -361*t + 4140. Calculate o(12).
-192
Let y(n) = -38*n**2 + 2647*n - 22065. What is y(60)?
-45
Let t(u) = 17204*u + 257627. Give t(-15).
-433
Let b(d) = 860*d - 201224. Determine b(234).
16
Let x(u) = -8*u**2 - 674*u - 1350. Give x(-2).
-34
Let t(u) = 151*u + 46565. Calculate t(-313).
-698
Let d(g) = -41*g - 321. What is d(-8